*2 - 8*s - 25. Let c be k(-2). Calculate the greatest common factor of c and 50.
25
Let o be ((-3)/(-2))/((-712)/736 - -1). Calculate the greatest common divisor of 161 and o.
23
Suppose 3*h = 5*h - 5*l - 46, 4*h - 144 = -3*l. Calculate the greatest common factor of h and 3.
3
Let q = 801 + -755. Calculate the greatest common divisor of 253 and q.
23
Let h be 11/(-66) - 434/(-12). Let a be -50 - 3/((-15)/10). Let m be a/9*18/(-4). Calculate the highest common divisor of m and h.
12
Let l(d) = 17*d + 78. Let n be l(10). Calculate the highest common divisor of 8 and n.
8
Let o be (0/(2 + 1))/1. Suppose u - 7 = 4*h, 5*u - 17 = 2*h - o*h. Let x(b) = 115*b + 1268. Let v be x(-11). Calculate the highest common factor of v and u.
3
Suppose 513 = 2*y - 0*z - z, -4*z + 252 = y. Calculate the greatest common factor of y and 64.
64
Let t(k) = k**3 - 4*k**2 - 3*k - 8. Let o be t(5). Suppose 5*i = 5, -o*j - 2 + 22 = -2*i. Calculate the greatest common divisor of 1 and j.
1
Suppose -3*w = 3*y - 186, 2*w + 3*w = 5*y + 290. Suppose -4*g = 10*c - 74, -3*g + 25 - 2 = c. Calculate the highest common factor of w and c.
5
Let h = 372 + -302. Calculate the highest common divisor of h and 50.
10
Let z be (11/(-2))/(1/(-16)). Let n = z - -47. Let a(w) = w**3 + 28*w**2 + 26*w. Let k be a(-27). Calculate the highest common divisor of k and n.
27
Let i be 3/(-12) - (-21)/4. Suppose i*b = -2*f + 7, 0*b - 3*b - f = -4. Calculate the greatest common factor of 2 and b.
1
Let r = 103 + -25. Calculate the greatest common factor of 26 and r.
26
Let i(m) = m**3 + 3*m**2 - 5*m + 6. Let f be i(-4). Calculate the highest common factor of 700 and f.
10
Let t be 6/1*(-35)/14*-1. Suppose -2*m - 519 = -7*m + 3*o, -4*m = 2*o - 424. Calculate the highest common divisor of m and t.
15
Let m(b) = 65*b**2 + 4*b - 3. Let r be m(2). Calculate the greatest common factor of 106 and r.
53
Let l be (-1949)/(-6) + (-3 - 95/(-30)). Calculate the highest common divisor of l and 65.
65
Let d(g) = g**2 - 6*g + 2. Let o be d(6). Let u be (15/6)/(1/o). Suppose 3*q - 26 = 4*m, -m = -u*q + 17 - 2. What is the greatest common factor of q and 20?
2
Let o = 558 + 37. What is the greatest common factor of 255 and o?
85
Suppose 2*n - 3*g = 289, -435 = -3*n - 0*n + 5*g. What is the highest common factor of n and 80?
20
Let c be (259/35 - 7) + (-956)/(-10). Calculate the greatest common divisor of c and 12.
12
Let p be (-348)/(-14) + (-162)/189. Calculate the highest common divisor of p and 264.
24
Let x(r) = -r**3 + 34*r**2 + 4*r - 64. Let k be x(34). Let w(s) = s**3 + 6*s**2 + 6*s. Let i be w(-4). What is the greatest common factor of i and k?
8
Let d = -1462 + 1515. Calculate the greatest common factor of d and 530.
53
Suppose -p = 2 - 5. Suppose 18*t = 16*t - 5*o + 31, -t + 3*o = 12. What is the greatest common factor of p and t?
3
Suppose -3*b + 16 - 1 = 0. Let d = 55 + -36. Suppose -16 - d = -b*m. What is the highest common divisor of 49 and m?
7
Suppose -17868*n + 1551 = -17867*n. Calculate the highest common divisor of 99 and n.
33
Suppose 5*z = -5*g - 5, 3*g - 3*z - 27 = -2*g. Let k(y) = 9*y**2 - 7*y - 17. Let w be k(-2). What is the greatest common divisor of g and w?
3
Let r be 2/(8/(-350))*216/(-180). What is the highest common divisor of r and 15?
15
Suppose -i + 0*i + 6 = 0. Let b = i + -8. Let w = b + 14. What is the greatest common divisor of 3 and w?
3
Let q = 9 + -24. Let z be (-1)/(-3) + q/(-9). Let j be -18*(-3)/2*z. What is the highest common factor of 9 and j?
9
Let w be (-15)/2*1120/(-30). Calculate the highest common factor of w and 350.
70
Suppose -4*t + 4*x + 316 = 0, -5*x - 23 = -8. What is the greatest common factor of 4 and t?
4
Suppose 5*z - c - 194 = 186, 0 = 3*z + 5*c - 256. Calculate the greatest common factor of z and 2.
1
Let m be ((-7)/4)/((-2)/8). Let o be (16/(-20))/(6/(-15)). Suppose o*w = -3 + m. Calculate the highest common factor of 16 and w.
2
Let r be 6/(-12)*12 + 7. Let n(b) = 2*b**3 - 2*b**2. Let s be ((-2)/3)/(1/(-3)). Let c be n(s). What is the highest common divisor of r and c?
1
Suppose 25 + 62 = 3*i. Suppose 5*h = -9 + i. Let o = 20 + h. Calculate the greatest common factor of 60 and o.
12
Let y(v) = v**2 + 10*v + 4. Let h(j) = -2*j - 3. Let w be h(4). Let b be y(w). Calculate the greatest common divisor of b and 105.
15
Suppose 8*d = -596 + 2948. Calculate the highest common divisor of d and 84.
42
Suppose 40*c + 12 = 38*c, -3*g = 3*c - 270. Let t be (16/(-5))/(1/(-20)). What is the highest common factor of g and t?
32
Let m = 28193 + -28183. Suppose -3*q + 92 = 2*i, 2*q = 2*i + 56 + 2. What is the greatest common divisor of m and q?
10
Let l be 3 + -1 + 3 + 23. Let n = l + -17. Let t(g) = -2*g**3 + 2*g + 1. Let z be t(-4). Calculate the highest common factor of z and n.
11
Let d be ((0 + -1)/(-2))/(118/31152). What is the highest common factor of 44 and d?
44
Suppose 703 = 5*m + 2*i, 4*i + 697 = 5*m + 7*i. Let k be 13*-1*(-2)/2. Calculate the highest common divisor of m and k.
13
Suppose -2*a - 2*n + 25 + 17 = 0, a - 3*n = 25. Let b = -15 - -20. Suppose -924 = -b*f - 44. Calculate the greatest common factor of a and f.
22
Let m(c) = c**3 - 8*c**2 + 13*c - 1. Let w be m(6). Suppose v + 0 = w, -i + 4*v = 189. Let u be i/26*16/(-2). Calculate the highest common factor of 13 and u.
13
Suppose -66 = u - 4*m, 1 = 2*m + 3. Let y be (20/u)/(1/(-7)). Calculate the greatest common factor of y and 22.
2
Suppose 27 + 15 = 3*a. Suppose -2*j + 2 + a = 0. Let c be 4/3*(0 + 15). What is the greatest common factor of j and c?
4
Suppose -m - 2*z + 33 = 2*z, 0 = 3*m - 5*z - 65. Suppose 536*y - 1900 - 3460 = 0. What is the greatest common divisor of y and m?
5
Let d be (-1)/(80/82 - 1). What is the highest common factor of 205 and d?
41
Let o(n) = -n**3 + 3*n**2 - 4*n - 17. Let q be o(-5). Suppose -4*r - 5*j = -0*j - 185, -j = -4*r + q. Calculate the highest common divisor of 20 and r.
10
Suppose -i - 5*j - 17 = 0, 0*i - 17 = i + 2*j. Let b = 37 + i. Let u be (10/3)/(1/15). Calculate the highest common factor of u and b.
10
Suppose 5*l = -3*v + 121, 77 = 2*v + 2*l + 3. Suppose -33 + 77 = 11*u. What is the highest common factor of u and v?
4
Suppose 0 = 31*z - 39*z + 168. What is the highest common factor of 525 and z?
21
Suppose -2*a + 2*x + 126 = 3*a, -4*x = -8. Let n = -21 + a. What is the greatest common divisor of 45 and n?
5
Suppose -x + 5*x = 0. Suppose 0 = 4*m - 3*m. Suppose m*o - o + 99 = x. What is the greatest common factor of o and 9?
9
Suppose -3*k - 8 = -u - 5*k, k - 40 = -5*u. What is the greatest common factor of 328 and u?
8
Let r = -837 - -937. What is the highest common factor of r and 100?
100
Suppose -20*s = -2739 + 819. What is the greatest common factor of s and 64?
32
Let b be (-19 - 0)/((-7)/7). What is the highest common factor of 19 and b?
19
Let h be (-1 - 0)/(5/380). Let a = h - -84. Calculate the highest common divisor of 48 and a.
8
Let a be 133 + 0/1 - 0. Let m(t) = -t**3 - 4*t**2 + 10*t + 7. Suppose -37 = -z - 43. Let b be m(z). Calculate the greatest common factor of b and a.
19
Let n(c) = -c**2 + c - 3. Let u be n(4). Let d be (-18)/u*(-5)/(-2). Suppose 2*y - d*y = 2*t - 1, -5*y = t + 4. What is the highest common factor of t and 2?
1
Suppose -4*z - z = 5*x - 40, 3*z - 3*x = 0. Let i = 5 - 4. Calculate the highest common divisor of z and i.
1
Suppose 0 = 28*j - 706 - 414. Let o(l) = 4*l**3 + 4*l**2 - 3*l + 1. Let v be o(2). Let g = v - -17. Calculate the greatest common divisor of g and j.
20
Let p(r) = 10*r + 67. Let f(h) = -2*h + 1. Let o(g) = 4*f(g) + p(g). Let z be o(-23). What is the highest common factor of z and 275?
25
Let u be ((-6)/12)/(2/(-12)). Suppose o - 15 = -2*o. Suppose -o*k + 16 = -2*c - 3, -u = -c. What is the greatest common divisor of k and 2?
1
Let s be (-15)/(12/204*-3). Suppose 68 = 4*n - 2*n. What is the greatest common factor of s and n?
17
Suppose 0 = -5*z - 5*g + 2620, -4*g = -2*z - 0*z + 1024. What is the highest common divisor of z and 312?
104
Suppose -5*c - 11 + 306 = 0. Calculate the highest common divisor of 177 and c.
59
Suppose 5*b - 86 = -3*p, -16*b + 20*b - 2*p - 60 = 0. Suppose -l + 94 = 4*i + 38, 88 = 2*l + 2*i. Calculate the greatest common factor of b and l.
8
Suppose 2*a - 255 = -3*j, -3*j = a - 0*